 = -m**2 + 9*m - 9. Let d be k(u). What is the remainder when 10 is divided by (-9)/(-2)*6/d?
1
Let x(s) = 14*s - 6. Let m(k) = -15*k + 7. Let a(f) = 5*m(f) + 6*x(f). Let j be a(1). Suppose -2*b = -j - 6. What is the remainder when 12 is divided by b?
5
Let g(w) = w**2 + 11*w - 20. What is the remainder when 55 is divided by g(-14)?
11
Suppose 6*k - 46 = 14. Let y(q) = -q + 2. Let j = 11 + -15. What is the remainder when k is divided by y(j)?
4
Suppose 2*a = -2*d + 148, -3*d + 198 = -5*a - 0*a. Calculate the remainder when d is divided by 12.
11
What is the remainder when (0 - (1 - 2)*1) + 102 is divided by 27?
22
Let a(j) = 2*j**3 - 18*j**2 + 6*j - 5. Calculate the remainder when a(9) is divided by 1*17 + 0/(-2).
15
Let k(v) = v**2 - 8*v. Calculate the remainder when 130 is divided by k(-3).
31
Let m be (1 - 0)*142/2. Let k = m - 39. Calculate the remainder when k is divided by 17.
15
Let h(k) = -20*k - 26. Suppose 4*g - 15 = 17. Let i = g - 3. Calculate the remainder when h(-2) is divided by i.
4
Let n be (2 - 2)*(3 + -2). Suppose -a = 3*m - 16, 3*a + 4*m + m - 32 = n. What is the remainder when 10 is divided by a?
2
Suppose 0 = -2*z + 4*z + 42. Let c = -15 - z. Calculate the remainder when 17 is divided by c.
5
Let i = -7 + 28. Let m = i - 33. Let s = 23 + m. What is the remainder when 21 is divided by s?
10
Calculate the remainder when 53 is divided by ((-81)/6)/((-3)/6).
26
Let t(m) = -m**3 + 5*m - 4. Suppose -4*p + 15 = 3*g, 0*p + 3*g = p. Let n be t(p). What is the remainder when 30/(-4)*n/6 is divided by 7?
6
Let a(g) = -2*g + 8. Calculate the remainder when 34 is divided by a(-1).
4
Let g(n) = n**2 - 5*n + 4. Calculate the remainder when 111 is divided by g(-3).
27
Suppose c + 4*c - 127 = 2*k, 4*k + 287 = -c. Let q = k - -114. Calculate the remainder when q is divided by 22.
21
Let s be (-5 + 1)*(-108)/16. Suppose 111 = 2*g + s. What is the remainder when g is divided by 3 + 4 + -7 + 11?
9
Suppose -2*n + 3*n - 209 = -4*k, 0 = -k + n + 46. Calculate the remainder when 97 is divided by k.
46
Suppose 0 = -5*h + 3*h - 8, -5*h + 300 = 5*b. Calculate the remainder when b is divided by 22.
20
Suppose -5*d = -256 + 41. Suppose -3*o = 4*f - 7, -2 = 2*o - 4. Suppose 4*u - 59 = f. Calculate the remainder when d is divided by u.
13
Suppose -1422 = -6*c - 144. Calculate the remainder when c is divided by 43.
41
Let o(b) = -b**3 + 10*b**2 + b + 1. Calculate the remainder when o(9) is divided by 32.
27
Let p(b) = b + 2*b - 2 + b. Calculate the remainder when 28 is divided by p(3).
8
Let u be 2*2/3*3. Suppose u*z - 14 = 78. Calculate the remainder when z is divided by 8.
7
Suppose 3*w = 2*r + 23, -3*w + 5*w + 5*r - 28 = 0. Calculate the remainder when 70 is divided by w.
7
Let v(n) = 3*n - 2. Let x be v(2). Suppose x - 2 = k. What is the remainder when 2 is divided by k?
0
Let u(p) = -32*p - 3. Let b be u(-3). Suppose 0 = -n - 5*g + b, 3*g + 408 - 36 = 4*n. What is the remainder when n is divided by 24?
21
Suppose 5*a - 2*s - 52 = -s, -5*s = 10. Let m = a - 5. Let j(y) = -y**2 + y + 8. What is the remainder when j(0) is divided by m?
3
Suppose -2 = -3*p + p - f, 2*f = -5*p + 3. Calculate the remainder when 40 is divided by 2 + 39/3 + p.
12
Let h = 31 + 36. Calculate the remainder when h is divided by 14.
11
Suppose -2*x + 129 = 5*z - 3*x, -4*x + 134 = 5*z. Let m(s) = s - 1. Let t be m(-2). What is the remainder when z is divided by (t/1)/3 + 10?
8
Let a(q) = -q + 8. Let v(t) = -10*t - t**2 + 2*t + 2*t - 4. Calculate the remainder when a(7) is divided by v(-5).
0
Let x = 1 - -28. Let z = x - 14. Calculate the remainder when 44 is divided by z.
14
Let j(r) = r**3 + 7*r**2 + 5*r - 7. Let b be j(-6). Let c be ((-20)/12)/(b/(-6)). What is the remainder when (-4)/c - 1040/(-25) is divided by 11?
9
Let r = 36 - 19. Suppose 12 = -j - 2*j. What is the remainder when j/((-124)/(-32) - 4) is divided by r?
15
Suppose 13*s = 9*s + 64. Suppose -a - 2*d = 4*a - 150, 5*a = -4*d + 150. What is the remainder when a is divided by s?
14
Let d = 12 + -8. Suppose d*j = j + 60. Calculate the remainder when 59 is divided by j.
19
Let c be (-3)/(-2)*(-4)/(-2). Suppose 3*o - c*q = -4*q + 50, -4*o = 2*q - 68. Suppose 4*l - l = 141. What is the remainder when l is divided by o?
15
Let l = 1 - 0. Calculate the remainder when (3 - 4)*2 + 4 is divided by l.
0
Suppose -4*r = 5 - 37. Calculate the remainder when r is divided by 5.
3
Let o = -5 - -32. Calculate the remainder when o is divided by 10.
7
Let t be 0/((-2)/(-2)*1). Calculate the remainder when 34 is divided by (18 + t)*(-1)/(-2).
7
Let y(j) = 2*j**2 + 7*j - 12. What is the remainder when 87 is divided by y(-6)?
15
Let z(u) = u**2 + 10*u + 1. Let p be z(-10). Suppose -i - p = -4. Calculate the remainder when i is divided by 1.
0
Let i(f) = -12*f - 3. Suppose 2*k + 18 + 18 = 5*d, 2*k + 6 = 0. Suppose -4*t = -d*t - 4. What is the remainder when i(t) is divided by 6?
3
Let m(k) = -2*k**2 + 16*k - 22. Calculate the remainder when 7 is divided by m(6).
1
Let x = 57 - 28. Calculate the remainder when x is divided by 15.
14
What is the remainder when 8 is divided by ((-2)/2)/(5*9/(-90))?
0
Let j be 5/4 + (-3)/12. Suppose 3*f + j = 16. Calculate the remainder when (-24)/(-2) + 3 + -1 is divided by f.
4
Let s(o) = o**2 + 6*o - 5. Let r be s(-7). Suppose -h = -r*h + 23. Calculate the remainder when 45 is divided by h.
22
Suppose -2*l + 2 + 4 = 0. Suppose -85 = -l*j - 2*j. Calculate the remainder when j is divided by 1/(-3) + (-56)/(-6).
8
Let g be -4 + 1 - (5 - 7). Let m = g - -3. Suppose q = -3*n + 11, m*n - 7*n = q - 17. Calculate the remainder when 2 is divided by q.
0
Suppose z - 4*z + 24 = 4*t, 12 = 2*t + 2*z. What is the remainder when t is divided by 4?
2
Let t(m) = -7*m - 8. Calculate the remainder when t(-6) is divided by 6.
4
Suppose 5*m - v = 75, -v - 47 = -2*m - 4*v. Let z = 27 - m. Suppose 5*o - 45 = 60. Calculate the remainder when o is divided by z.
10
Let z = -9 + 13. What is the remainder when (124/(-16))/(z/(-16)) is divided by 8?
7
Let s = -6 - -10. Let h(a) = 0 + 4 + 1 + a**2 + 2*a. Calculate the remainder when h(s) is divided by 10.
9
Let q(k) = 7*k**2 - 3*k + 2. Let s(y) = 8*y**2 - 3*y + 2. Suppose 0*c - 4*c = 8. Let m(w) = c*s(w) + 3*q(w). What is the remainder when m(2) is divided by 9?
7
Let i(l) = l**2 + 10*l + 34. What is the remainder when 86 is divided by i(-7)?
8
Let n be (5/(-4))/(2/16). Calculate the remainder when (-90)/(-4) + (-5)/n is divided by 12.
11
Let n(g) = 6*g - 3. Calculate the remainder when (-721)/(-21) + 2/(-6) is divided by n(2).
7
Suppose -31 = 6*c - 157. Calculate the remainder when 60 is divided by c.
18
Suppose 2*n - 14 = n. Calculate the remainder when n is divided by 4.
2
Suppose 8*z - 9*z = 11. Let p = 15 + z. What is the remainder when 14 is divided by p?
2
Let v(j) = 4*j**2 - j - 2. Let q(n) = -n**2 + 7*n + 6. Let p be q(8). What is the remainder when -155*((-16)/(-10) + -2) is divided by v(p)?
14
Let p(t) = -2 - 2*t - 2*t + 3*t. Let g be p(-8). What is the remainder when 4 is divided by (-12)/(-8)*8/g?
0
Let l = 0 - -16. Let k = l + -9. Calculate the remainder when k is divided by 2.
1
Let k = 30 + -19. Let g(d) = d**3 - 6*d**2 + d - 2. Suppose j = x - 0*j - 8, 3*j = -x. Calculate the remainder when k is divided by g(x).
3
Suppose -3*y + 17 = 2*a, y + y = 2*a + 8. Suppose 2*k = y*k - 75. Calculate the remainder when k is divided by 13.
12
Let b(c) = -2*c - 1 + 0*c**2 - 1 - c**2. Let z be b(-2). What is the remainder when 8 is divided by (3/z + -1)*-2?
3
Suppose 13 + 51 = -s. Let w = -46 - s. Calculate the remainder when w is divided by 10.
8
Let x(b) = -2*b**3 - b**2 + b - 1. Let c be x(-2). Suppose c + 6 = j. Calculate the remainder when j is divided by 6.
3
Suppose -z - 12 = -4*i, 2*i - 33 = -z - 3*i. Suppose -z*y = -3*y - 130. What is the remainder when y is divided by 14?
12
Suppose -4*q = -8, 5*q + 1 = 4*i - 1. Let t(d) be the third derivative of d**5/60 - d**3/3 - d**2. What is the remainder when i is divided by t(-2)?
1
Suppose -4*b + 52 = 4*o, -2*b + b + 31 = -5*o. Calculate the remainder when 28 is divided by b.
12
Suppose 5*t + 4*m - 67 = 0, -2*t + 13 + 24 = 5*m. Suppose 0 = -5*x + 144 + 16. What is the remainder when x is divided by t?
10
Let r = 387 + -152. Wh